{"id":4647,"date":"2017-02-10T18:19:11","date_gmt":"2017-02-10T17:19:11","guid":{"rendered":"http:\/\/brunovienne.com\/?page_id=4647"},"modified":"2017-03-12T19:25:42","modified_gmt":"2017-03-12T18:25:42","slug":"films-spirituel","status":"publish","type":"page","link":"http:\/\/brunovienne.com\/index.php\/filmographie\/films-spirituel\/","title":{"rendered":"Films spirituels"},"content":{"rendered":"<p><iframe title=\"L&#039;enfant Lama\" src=\"https:\/\/player.vimeo.com\/video\/88769675?h=edace36f64&amp;dnt=1&amp;app_id=122963\" width=\"500\" height=\"375\" frameborder=\"0\" allow=\"autoplay; fullscreen; picture-in-picture\" allowfullscreen><\/iframe><\/p>\n<h5 class=\"clip_info-header iris_header iris_header--36\">L\u2019enfant Lama<\/h5>\n<p>\u00ab\u00a0L\u2019Enfant Lama\u00a0\u00bb 52\u2019 r\u00e9alisation Jeanne Mascolo et Bruno Vienne<br \/>\nMona Lisa Production, France 2, France 3, France 5, Plan\u00e8te, Documania,<br \/>\nTV Ontario, TSR.(<em>Tournage en INDE et en FRANCE<\/em>)<br \/>\nKalou Rimpoche est reconnu comme l&rsquo;un des plus grands ma\u00eetres tib\u00e9tains contemporains.<br \/>\nIl s&rsquo;est \u00e9teint en 1989 dans son temple de Darjeeling, en Inde terre d&rsquo;exil, o\u00f9 son corps momifi\u00e9<br \/>\nest expos\u00e9. C&rsquo;est \u00e9galement l\u00e0 que vit sa r\u00e9incarnation, un enfant film\u00e9 \u00e0 son intronisation<br \/>\n\u00e0 l&rsquo;\u00e2ge de deux ans, puis \u00e0 l&rsquo;\u00e2ge de quatre ans, lors de son voyage en France notamment au monast\u00e8re<br \/>\nde Kagyu Ling. Ce film permet de partager la vie quotidienne de Kalou Rimpoche, l&rsquo;Enfant Lama,<br \/>\no\u00f9 s&rsquo;imbriquent traditions religieuses et modernisme.<br \/>\nC&rsquo;est la confrontation entre deux cultures, tib\u00e9taine et occidentale.<\/p>\n<p><img loading=\"lazy\" class=\"alignnone size-full wp-image-4983\" src=\"http:\/\/brunovienne.com\/wp-content\/uploads\/2017\/02\/Kalou-Kalachakra-copie.png\" alt=\"\" width=\"283\" height=\"142\" \/><\/p>\n<p>&nbsp;<\/p>\n<p><strong>\u00ab\u00a0Kalou Rimpoche &#8211; Lama pour Toujours\u00a0\u00bb\u2028<\/strong><\/p>\n<p>26\u2019 \u2028MFP et Mona Lisa Production\u2028, \u2028France 3 (<em>Tournage en INDE et au TIBET<\/em>).<br \/>\nKalou Rimpoche \u00e9tait l&rsquo;un des plus grands ma\u00eetres tib\u00e9tains contemporains.<br \/>\nIl mourut en exil dans son temple en Inde en 1989. L&rsquo;enfant qui est sa r\u00e9incarnation<br \/>\nvit aujourd&rsquo;hui dans ce temple. Les images, tourn\u00e9es, tourn\u00e9e au c\u0153ur de l&rsquo;Himalaya,<br \/>\nnous font partager le quotidien d&rsquo;un enfant, \u00e0 qui va \u00eatre confi\u00e9 la lourde t\u00e2che de guide spirituel.<br \/>\nLes t\u00e9moignages de ses parents et de ses pr\u00e9cepteurs nous aident \u00e0 mieux comprendre<br \/>\nles diff\u00e9rentes facettes d&rsquo;une \u00e9ducation tr\u00e8s particuli\u00e8re.<\/p>\n<p><strong>\u2028<\/strong><\/p>\n<p><strong>\u00ab\u00a0Les Enfants de Bouddha\u00a0\u00bb<\/strong><\/p>\n<p>52\u2019\u2028Mona Lisa Productions, TSR, Plan\u00e8te (<em>Tournage en INDE<\/em>) .<br \/>\nDeux enfants occidentaux retrouvent, lors de leur voyage en Inde,<br \/>\nleur jeune ami Kalou Rimpoch\u00e9, r\u00e9incarnation d\u2019un grand ma\u00eetre.<br \/>\nEntre jeux de leur \u00e2ge et r\u00e9flexion spirituelle, ils assisteront ensemble<br \/>\n\u00e0 la f\u00eate du Kalachakra, en pr\u00e9sence du Dala\u00ef-Lama.<\/p>\n<p><iframe title=\"Les enfants de Bouddha\" src=\"https:\/\/player.vimeo.com\/video\/88773156?h=759cd65b7e&amp;dnt=1&amp;app_id=122963\" width=\"500\" height=\"375\" frameborder=\"0\" allow=\"autoplay; fullscreen; picture-in-picture\" allowfullscreen><\/iframe><\/p>\n<p>&nbsp;<\/p>\n<p><strong>\u00ab\u00a0Save Tibet, Kalachakra\u00a0\u00bb<\/strong><br \/>\n52\u2019 Mona Lisa Productions, TV4 Su\u00e8de (Tournage en INDE et au TIBET) .<br \/>\nPendant des si\u00e8cles, le Tibet fut un pays souverain. Mais en 1959, la chine l&rsquo;envahie<br \/>\net des milliers de tib\u00e9tains suivent le dala\u00ef-lama sur le chemin de l&rsquo;Exil.<br \/>\nOn estime \u00e0 plus d&rsquo;un million les victimes du g\u00e9nocide.<br \/>\nRetour sur 50 ans d&rsquo;histoire tib\u00e9taine.<\/p>\n<p><iframe title=\"Tibet Libre : Kalachakra\" src=\"https:\/\/player.vimeo.com\/video\/89482692?h=7d3187ddc5&amp;dnt=1&amp;app_id=122963\" width=\"500\" height=\"375\" frameborder=\"0\" allow=\"autoplay; fullscreen; picture-in-picture\" allowfullscreen><\/iframe><\/p>\n<p>&nbsp;<\/p>\n<p><strong>\u00ab\u00a0Balade pour un ermite\u00a0\u00bb\u2028<\/strong><\/p>\n<p>52&rsquo;\u2028 \u2028Mona Lisa Productions (<em>Tournage France\/Inde<\/em>)<br \/>\nEntre le documentaire et le reportage ce film se veut \u00e0 la fois didactique et l\u00e9ger<br \/>\n\u00c0 travers le regard du Fr\u00e8re Antoine, nous d\u00e9couvrirons une r\u00e9gion de l\u2019Inde<br \/>\no\u00f9 il y a 2600 ans un certain Gautama dit le Bouddha enseignait la conqu\u00eate de l\u2019illumination,<br \/>\nc\u2019est-\u00e0- dire : la lib\u00e9ration int\u00e9rieure. Sur ses traces, le Fr\u00e8re Antoine d\u00e9couvrira que les enseignements<br \/>\ndu Bouddha sont rest\u00e9s bien vivants dans les exemples concrets d\u2019une \u00e9cole de la Jungle et du Camp des Yeux.<br \/>\nQui est le Fr\u00e8re Antoine ? Natif de la Mayenne, il a fait neuf ann\u00e9es de noviciat canonique dans diverses abbayes.<br \/>\nCes divers s\u00e9jours furent entrecoup\u00e9s de retours dans le monde et de voyages en Afrique et en Inde.<br \/>\nIl a v\u00e9cu pendant 40 ann\u00e9es dans une grotte du rocher de Roque Brune en ermite.<\/p>\n<p><iframe title=\"&amp;quot;Balade pour un ermite&amp;quot;\" src=\"https:\/\/player.vimeo.com\/video\/139743947?h=3b9686c1e6&amp;dnt=1&amp;app_id=122963\" width=\"500\" height=\"281\" frameborder=\"0\" allow=\"autoplay; fullscreen; picture-in-picture\" allowfullscreen><\/iframe><\/p>\n<p>&nbsp;<\/p>\n<p><strong>\u00ab\u00a0Le chemin du coeur\u00a0\u00bb\u2028<\/strong><\/p>\n<p>52&rsquo;\u2028 Productions Michel Alm\u00e9ras et \u00e9ditions en conscience (<em>Tournage France\/Uruguay<\/em>).<br \/>\nCe film retrace l\u2019histoire et le parcours de \u00ab\u00a0la pierre d\u2019Uruguay\u00a0\u00bb au travers de t\u00e9moignages<br \/>\nrecueillis de l\u2019Uruguay \u00e0 la France. Cette g\u00e9ode de 130 millions d\u2019ann\u00e9es en forme de c\u0153ur<br \/>\nhumain renferme en son int\u00e9rieur des inscriptions myst\u00e9rieuses en cristaux de quartz dont<br \/>\nla formation reste jusqu\u2019\u00e0 aujourd\u2019hui inexpliqu\u00e9e. Une pierre incroyable pour certains,<br \/>\nune pierre qui aurait un message d\u2019amour pour l\u2019humanit\u00e9\u2026<\/p>\n<p><iframe title=\"Le chemin du coeur  (bande annonce)\" src=\"https:\/\/player.vimeo.com\/video\/89788229?h=21209b3c70&amp;dnt=1&amp;app_id=122963\" width=\"500\" height=\"281\" frameborder=\"0\" allow=\"autoplay; fullscreen; picture-in-picture\" allowfullscreen><\/iframe><\/p>\n<p><strong><span style=\"font-family: 'Roboto Regular';\">\u2028<\/span><\/strong><\/p>\n<p><strong><span style=\"font-family: 'Roboto Regular';\">\u00ab\u00a0Dom Alexis, le chant des pierres\u00a0\u00bb\u2028<\/span><\/strong><span style=\"font-family: 'Roboto Regular';\"><br \/>\nLong-m\u00e9trage de 90 minutes,\u2028 R\u00e9alisation Fran\u00e7ois Gorin et Bruno Vienne<br \/>\nDream Hunter et Candela production<br \/>\nAlexis Presse est une l\u00e9gende, l&rsquo;histoire de Boquen une \u00e9pop\u00e9e :<br \/>\narriv\u00e9 seul dans les ruines en 1936,ce moine cistercien \u00e0 la t\u00eate dure<br \/>\net au rayonnement certain, a entrepris de reconstruire l&rsquo;abbaye et de refonder<br \/>\nune communaut\u00e9. Succ\u00e8s mat\u00e9riel et relatif \u00e9chec sipirituel.<br \/>\nAventure riche en \u00e9toffe humaine, en tensions, conflits aussi.<br \/>\nEn 1990, Bruno Vienne et Fran\u00e7ois Gorin entament un travail d&rsquo;enqu\u00eate et retrouvent<br \/>\nun \u00e0 un les t\u00e9moins direct de l&rsquo;aventure de Boquen.<br \/>\nIls sont frapp\u00e9s de voir \u00e0 quel point le personnage de Dom Alexis a laiss\u00e9<br \/>\ndans les m\u00e9moires une trace profonde. Ils accumulent un pr\u00e9cieux mat\u00e9riau documentaire :<br \/>\nentretiens audio, lettres, ouvrages divers, photos d&rsquo;\u00e9poque, etc.<br \/>\nUne quinzaine d&rsquo;ann\u00e9es passent et le projet rena\u00eet.<\/span><\/p>\n<p><iframe src=\"https:\/\/player.vimeo.com\/video\/89795907\" width=\"500\" height=\"281\" frameborder=\"0\" title=\"&quot;Dom Alexis, le chant des pierres&quot; (bande annonce)\" webkitallowfullscreen mozallowfullscreen allowfullscreen><\/iframe><\/p>\n","protected":false},"excerpt":{"rendered":"<p>L\u2019enfant Lama \u00ab\u00a0L\u2019Enfant Lama\u00a0\u00bb 52\u2019 r\u00e9alisation Jeanne Mascolo et Bruno Vienne Mona Lisa Production, France 2, France 3, France 5, Plan\u00e8te, Documania, TV Ontario, TSR.(Tournage en INDE et en FRANCE) Kalou Rimpoche est reconnu comme l&rsquo;un des plus grands ma\u00eetres [&hellip;]<\/p>\n","protected":false},"author":1,"featured_media":4752,"parent":4612,"menu_order":8,"comment_status":"closed","ping_status":"closed","template":"","meta":[],"_links":{"self":[{"href":"http:\/\/brunovienne.com\/index.php\/wp-json\/wp\/v2\/pages\/4647"}],"collection":[{"href":"http:\/\/brunovienne.com\/index.php\/wp-json\/wp\/v2\/pages"}],"about":[{"href":"http:\/\/brunovienne.com\/index.php\/wp-json\/wp\/v2\/types\/page"}],"author":[{"embeddable":true,"href":"http:\/\/brunovienne.com\/index.php\/wp-json\/wp\/v2\/users\/1"}],"replies":[{"embeddable":true,"href":"http:\/\/brunovienne.com\/index.php\/wp-json\/wp\/v2\/comments?post=4647"}],"version-history":[{"count":14,"href":"http:\/\/brunovienne.com\/index.php\/wp-json\/wp\/v2\/pages\/4647\/revisions"}],"predecessor-version":[{"id":4984,"href":"http:\/\/brunovienne.com\/index.php\/wp-json\/wp\/v2\/pages\/4647\/revisions\/4984"}],"up":[{"embeddable":true,"href":"http:\/\/brunovienne.com\/index.php\/wp-json\/wp\/v2\/pages\/4612"}],"wp:featuredmedia":[{"embeddable":true,"href":"http:\/\/brunovienne.com\/index.php\/wp-json\/wp\/v2\/media\/4752"}],"wp:attachment":[{"href":"http:\/\/brunovienne.com\/index.php\/wp-json\/wp\/v2\/media?parent=4647"}],"curies":[{"name":"wp","href":"https:\/\/api.w.org\/{rel}","templated":true}]}}